{"id":25975464,"date":"2024-10-02T18:40:17","date_gmt":"2024-10-02T16:40:17","guid":{"rendered":"https:\/\/isla-travel.de\/?post_type=ajde_events&#038;p=25975464"},"modified":"2024-10-13T14:02:26","modified_gmt":"2024-10-13T12:02:26","slug":"parque-de-navidad-i-port-adriano","status":"publish","type":"ajde_events","link":"https:\/\/isla-travel.de\/da\/mallorca-magazin\/events\/parque-de-navidad-im-port-adriano\/","title":{"rendered":"Parque de Navidad i Port Adriano"},"content":{"rendered":"<p>Fra den <strong>19. december til 8. januar<\/strong> den elegante <strong>Port Adriano<\/strong> til en festligt udsmykket julepark, som ikke kun f\u00e5r b\u00f8rne\u00f8jne til at lyse. Mellem de vuggende luksusyachter og det azurbl\u00e5 hav str\u00e5ler havnen i julepragt og byder p\u00e5 et program, der kombinerer tradition og luksus p\u00e5 en helt s\u00e6rlig m\u00e5de.<\/p>\n\n\n\n<iframe loading=\"lazy\" width=\"1120\" height=\"630\" src=\"https:\/\/www.youtube-nocookie.com\/embed\/iKVC-Drm6oU?si=shVt3a7aAYGfmj-X&#038;rel=0\" title=\"YouTube-videoafspiller\" frameborder=\"0\" allow=\"accelerometer; autoplay; clipboard-write; encrypted-media; gyroscope; picture-in-picture; web-share\" referrerpolicy=\"strict-origin-when-cross-origin\" allowfullscreen><\/iframe>\n\n\n\n<p>Parkens hovedattraktion er uden tvivl den <strong>30 meter lang k\u00e6mpe rutsjebane<\/strong>hvilket ikke kun gl\u00e6der de sm\u00e5. De, der foretr\u00e6kker det lidt mere stille, kan glide ned ad <strong>300 kvadratmeter sk\u00f8jtebane<\/strong> elegant over isen - en sj\u00e6ldenhed blandt Mallorcas vinteraktiviteter. Og selvf\u00f8lgelig <strong>Julemanden<\/strong> som kommer forbi personligt for at tage uforglemmelige souvenirbilleder med b\u00f8rnene.<\/p>\n\n\n\n<p>Der er ogs\u00e5 s\u00f8rget for kulinariske l\u00e6kkerier. De festligt udsmykkede boder byder p\u00e5 typiske julespecialiteter og varmende drikke - perfekt til en afslappet spadseretur langs havnen. Det pr\u00e6cise program er endnu ikke offentliggjort, men \u00e9n ting er sikkert: <strong>Port Adriano<\/strong> vil igen i \u00e5r str\u00e5le med en stilfuld julestemning og uforglemmelige \u00f8jeblikke.<\/p>","protected":false},"author":1,"featured_media":25975467,"menu_order":0,"comment_status":"open","ping_status":"closed","template":"","meta":{"_acf_changed":false,"_et_pb_use_builder":"","_et_pb_old_content":"","_et_gb_content_width":""},"tags":[2051,2292],"event_type":[2325,2346],"event_type_2":[],"class_list":["post-25975464","ajde_events","type-ajde_events","status-publish","has-post-thumbnail","hentry","tag-ausflugstipp-mallorca","tag-weihnachten-mallorca-2024","event_location-port-adriano-2","event_organizer-port-adriano-2","event_type-spass-fuer-kinder","event_type-weihnachtsmaerkte"],"acf":[],"_links":{"self":[{"href":"https:\/\/isla-travel.de\/da\/wp-json\/wp\/v2\/ajde_events\/25975464","targetHints":{"allow":["GET"]}}],"collection":[{"href":"https:\/\/isla-travel.de\/da\/wp-json\/wp\/v2\/ajde_events"}],"about":[{"href":"https:\/\/isla-travel.de\/da\/wp-json\/wp\/v2\/types\/ajde_events"}],"author":[{"embeddable":true,"href":"https:\/\/isla-travel.de\/da\/wp-json\/wp\/v2\/users\/1"}],"replies":[{"embeddable":true,"href":"https:\/\/isla-travel.de\/da\/wp-json\/wp\/v2\/comments?post=25975464"}],"wp:featuredmedia":[{"embeddable":true,"href":"https:\/\/isla-travel.de\/da\/wp-json\/wp\/v2\/media\/25975467"}],"wp:attachment":[{"href":"https:\/\/isla-travel.de\/da\/wp-json\/wp\/v2\/media?parent=25975464"}],"wp:term":[{"taxonomy":"post_tag","embeddable":true,"href":"https:\/\/isla-travel.de\/da\/wp-json\/wp\/v2\/tags?post=25975464"},{"taxonomy":"event_type","embeddable":true,"href":"https:\/\/isla-travel.de\/da\/wp-json\/wp\/v2\/event_type?post=25975464"},{"taxonomy":"event_type_2","embeddable":true,"href":"https:\/\/isla-travel.de\/da\/wp-json\/wp\/v2\/event_type_2?post=25975464"}],"curies":[{"name":"wp","href":"https:\/\/api.w.org\/{rel}","templated":true}]}}

<p>Fra den <strong>19. december til 8. januar</strong> den elegante <strong>Port Adriano</strong> til en festligt udsmykket julepark, som ikke kun får børneøjne til at lyse. Mellem de vuggende luksusyachter og det azurblå hav stråler havnen i julepragt og byder på et program, der kombinerer tradition og luksus på en helt særlig måde.</p>



<iframe loading="lazy" width="1120" height="630" src="https://www.youtube-nocookie.com/embed/iKVC-Drm6oU?si=shVt3a7aAYGfmj-X&#038;rel=0" title="YouTube-videoafspiller" frameborder="0" allow="accelerometer; autoplay; clipboard-write; encrypted-media; gyroscope; picture-in-picture; web-share" referrerpolicy="strict-origin-when-cross-origin" allowfullscreen></iframe>



<p>Parkens hovedattraktion er uden tvivl den <strong>30 meter lang kæmpe rutsjebane</strong>hvilket ikke kun glæder de små. De, der foretrækker det lidt mere stille, kan glide ned ad <strong>300 kvadratmeter skøjtebane</strong> elegant over isen - en sjældenhed blandt Mallorcas vinteraktiviteter. Og selvfølgelig <strong>Julemanden</strong> som kommer forbi personligt for at tage uforglemmelige souvenirbilleder med børnene.</p>



<p>Der er også sørget for kulinariske lækkerier. De festligt udsmykkede boder byder på typiske julespecialiteter og varmende drikke - perfekt til en afslappet spadseretur langs havnen. Det præcise program er endnu ikke offentliggjort, men én ting er sikkert: <strong>Port Adriano</strong> vil igen i år stråle med en stilfuld julestemning og uforglemmelige øjeblikke.</p>
