{"id":25975599,"date":"2024-10-04T11:36:33","date_gmt":"2024-10-04T09:36:33","guid":{"rendered":"https:\/\/isla-travel.de\/?post_type=ajde_events&#038;p=25975599"},"modified":"2024-10-13T14:01:20","modified_gmt":"2024-10-13T12:01:20","slug":"julemarked-i-puerto-portals","status":"publish","type":"ajde_events","link":"https:\/\/isla-travel.de\/da\/mallorca-magazin\/events\/weihnachtsmarkt-in-puerto-portals\/","title":{"rendered":"Julemarked i Puerto Portals"},"content":{"rendered":"<p>Julemarkedet i <strong>Puerto Portals<\/strong> \u00e5bner i \u00e5r fra <strong>13. december til 6. januar<\/strong> \u00e5bner d\u00f8rene og forvandler havnen til et vinterlandskab. Omkring <strong>40 k\u00e6rligt dekorerede tr\u00e6boder<\/strong> er fyldt med lys og tilbyder et vidunderligt udvalg af h\u00e5ndlavede produkter: Fra funklende dekorationer og stilfuldt tilbeh\u00f8r til traditionelt tr\u00e6leget\u00f8j - her kan du nyde julens magi p\u00e5 Mallorca i fulde drag.<\/p>\n\n\n\n<p>Der bydes ogs\u00e5 p\u00e5 kulinariske l\u00e6kkerier: Duftende gl\u00f8gg, varm mad og s\u00f8de delikatesser indbyder til en spadseretur. Et s\u00e6rligt h\u00f8jdepunkt er <strong>Sk\u00f8jtebane<\/strong>Festivalen vil gl\u00e6de b\u00e5de unge og gamle, og et farverigt program med aktiviteter for hele familien vil s\u00f8rge for underholdning og festlig stemning.<\/p>\n\n\n\n<p>Hvis du gerne vil deltage med din egen stand, skal du tilmelde dig p\u00e5 <strong>16. oktober<\/strong> og bliv en del af denne magiske begivenhed. Du skal blot sende konceptet via e-mail til <strong>rrpp@puertoportals.com<\/strong> og benyt lejligheden til at str\u00e5le p\u00e5 et af Mallorcas smukkeste julemarkeder.<\/p>","protected":false},"author":1,"featured_media":25975570,"menu_order":0,"comment_status":"open","ping_status":"closed","template":"","meta":{"_acf_changed":false,"_et_pb_use_builder":"","_et_pb_old_content":"","_et_gb_content_width":""},"tags":[2051,132,2376],"event_type":[2325,2346],"event_type_2":[],"class_list":["post-25975599","ajde_events","type-ajde_events","status-publish","has-post-thumbnail","hentry","tag-ausflugstipp-mallorca","tag-lokales","tag-weihnachten-auf-mallorca","event_location-puerto-portals","event_organizer-edificio-de-capitania-escuela-municipal-de-vela","event_type-spass-fuer-kinder","event_type-weihnachtsmaerkte"],"acf":[],"_links":{"self":[{"href":"https:\/\/isla-travel.de\/da\/wp-json\/wp\/v2\/ajde_events\/25975599","targetHints":{"allow":["GET"]}}],"collection":[{"href":"https:\/\/isla-travel.de\/da\/wp-json\/wp\/v2\/ajde_events"}],"about":[{"href":"https:\/\/isla-travel.de\/da\/wp-json\/wp\/v2\/types\/ajde_events"}],"author":[{"embeddable":true,"href":"https:\/\/isla-travel.de\/da\/wp-json\/wp\/v2\/users\/1"}],"replies":[{"embeddable":true,"href":"https:\/\/isla-travel.de\/da\/wp-json\/wp\/v2\/comments?post=25975599"}],"wp:featuredmedia":[{"embeddable":true,"href":"https:\/\/isla-travel.de\/da\/wp-json\/wp\/v2\/media\/25975570"}],"wp:attachment":[{"href":"https:\/\/isla-travel.de\/da\/wp-json\/wp\/v2\/media?parent=25975599"}],"wp:term":[{"taxonomy":"post_tag","embeddable":true,"href":"https:\/\/isla-travel.de\/da\/wp-json\/wp\/v2\/tags?post=25975599"},{"taxonomy":"event_type","embeddable":true,"href":"https:\/\/isla-travel.de\/da\/wp-json\/wp\/v2\/event_type?post=25975599"},{"taxonomy":"event_type_2","embeddable":true,"href":"https:\/\/isla-travel.de\/da\/wp-json\/wp\/v2\/event_type_2?post=25975599"}],"curies":[{"name":"wp","href":"https:\/\/api.w.org\/{rel}","templated":true}]}}

<p>Julemarkedet i <strong>Puerto Portals</strong> åbner i år fra <strong>13. december til 6. januar</strong> åbner dørene og forvandler havnen til et vinterlandskab. Omkring <strong>40 kærligt dekorerede træboder</strong> er fyldt med lys og tilbyder et vidunderligt udvalg af håndlavede produkter: Fra funklende dekorationer og stilfuldt tilbehør til traditionelt trælegetøj - her kan du nyde julens magi på Mallorca i fulde drag.</p>



<p>Der bydes også på kulinariske lækkerier: Duftende gløgg, varm mad og søde delikatesser indbyder til en spadseretur. Et særligt højdepunkt er <strong>Skøjtebane</strong>Festivalen vil glæde både unge og gamle, og et farverigt program med aktiviteter for hele familien vil sørge for underholdning og festlig stemning.</p>



<p>Hvis du gerne vil deltage med din egen stand, skal du tilmelde dig på <strong>16. oktober</strong> og bliv en del af denne magiske begivenhed. Du skal blot sende konceptet via e-mail til <strong>rrpp@puertoportals.com</strong> og benyt lejligheden til at stråle på et af Mallorcas smukkeste julemarkeder.</p>
