{"id":25975464,"date":"2024-10-02T18:40:17","date_gmt":"2024-10-02T16:40:17","guid":{"rendered":"https:\/\/isla-travel.de\/?post_type=ajde_events&#038;p=25975464"},"modified":"2024-10-13T14:02:26","modified_gmt":"2024-10-13T12:02:26","slug":"parque-de-navidad-en-puerto-adriano","status":"publish","type":"ajde_events","link":"https:\/\/isla-travel.de\/es\/mallorca-magazin\/events\/parque-de-navidad-im-port-adriano\/","title":{"rendered":"Parque de Navidad en Port Adriano"},"content":{"rendered":"<p>Del <strong>Del 19 de diciembre al 8 de enero<\/strong> el elegante <strong>Puerto Adriano<\/strong> en un parque navide\u00f1o decorado festivamente que no s\u00f3lo hace que se iluminen los ojos de los ni\u00f1os. Entre los balanceantes yates de lujo y el mar azul celeste, el puerto brilla con esplendor navide\u00f1o y ofrece un programa que combina tradici\u00f3n y lujo de forma especial.<\/p>\n\n\n\n<iframe loading=\"lazy\" width=\"1120\" height=\"630\" src=\"https:\/\/www.youtube-nocookie.com\/embed\/iKVC-Drm6oU?si=shVt3a7aAYGfmj-X&#038;rel=0\" title=\"Reproductor de v\u00eddeo de YouTube\" frameborder=\"0\" allow=\"accelerometer; autoplay; clipboard-write; encrypted-media; gyroscope; picture-in-picture; web-share\" referrerpolicy=\"strict-origin-when-cross-origin\" allowfullscreen><\/iframe>\n\n\n\n<p>La principal atracci\u00f3n del parque es sin duda el <strong>Tobog\u00e1n gigante de 30 metros de largo<\/strong>que no s\u00f3lo hace las delicias de los m\u00e1s peque\u00f1os. Quienes prefieran las cosas un poco m\u00e1s tranquilas pueden deslizarse por el <strong>Pista de hielo de 300 metros cuadrados<\/strong> elegantemente sobre el hielo - una rareza entre las actividades invernales de Mallorca. Y por supuesto el <strong>Pap\u00e1 Noel<\/strong> que viene en persona a hacerse fotos de recuerdo inolvidables con los ni\u00f1os.<\/p>\n\n\n\n<p>Tambi\u00e9n se ofrecen delicias culinarias. Los puestos, decorados festivamente, ofrecen especialidades t\u00edpicas navide\u00f1as y bebidas calientes, perfectas para un paseo tranquilo por el puerto. El programa exacto est\u00e1 a\u00fan por anunciar, pero una cosa es segura: <strong>Puerto Adriano<\/strong> volver\u00e1 a brillar este a\u00f1o con un elegante ambiente navide\u00f1o y momentos inolvidables.<\/p>","protected":false},"author":1,"featured_media":25975467,"menu_order":0,"comment_status":"open","ping_status":"closed","template":"","meta":{"_acf_changed":false,"_et_pb_use_builder":"","_et_pb_old_content":"","_et_gb_content_width":""},"tags":[2051,2292],"event_type":[2325,2346],"event_type_2":[],"class_list":["post-25975464","ajde_events","type-ajde_events","status-publish","has-post-thumbnail","hentry","tag-ausflugstipp-mallorca","tag-weihnachten-mallorca-2024","event_location-port-adriano-2","event_organizer-port-adriano-2","event_type-spass-fuer-kinder","event_type-weihnachtsmaerkte"],"acf":[],"_links":{"self":[{"href":"https:\/\/isla-travel.de\/es\/wp-json\/wp\/v2\/ajde_events\/25975464","targetHints":{"allow":["GET"]}}],"collection":[{"href":"https:\/\/isla-travel.de\/es\/wp-json\/wp\/v2\/ajde_events"}],"about":[{"href":"https:\/\/isla-travel.de\/es\/wp-json\/wp\/v2\/types\/ajde_events"}],"author":[{"embeddable":true,"href":"https:\/\/isla-travel.de\/es\/wp-json\/wp\/v2\/users\/1"}],"replies":[{"embeddable":true,"href":"https:\/\/isla-travel.de\/es\/wp-json\/wp\/v2\/comments?post=25975464"}],"wp:featuredmedia":[{"embeddable":true,"href":"https:\/\/isla-travel.de\/es\/wp-json\/wp\/v2\/media\/25975467"}],"wp:attachment":[{"href":"https:\/\/isla-travel.de\/es\/wp-json\/wp\/v2\/media?parent=25975464"}],"wp:term":[{"taxonomy":"post_tag","embeddable":true,"href":"https:\/\/isla-travel.de\/es\/wp-json\/wp\/v2\/tags?post=25975464"},{"taxonomy":"event_type","embeddable":true,"href":"https:\/\/isla-travel.de\/es\/wp-json\/wp\/v2\/event_type?post=25975464"},{"taxonomy":"event_type_2","embeddable":true,"href":"https:\/\/isla-travel.de\/es\/wp-json\/wp\/v2\/event_type_2?post=25975464"}],"curies":[{"name":"wp","href":"https:\/\/api.w.org\/{rel}","templated":true}]}}

<p>Del <strong>Del 19 de diciembre al 8 de enero</strong> el elegante <strong>Puerto Adriano</strong> en un parque navideño decorado festivamente que no sólo hace que se iluminen los ojos de los niños. Entre los balanceantes yates de lujo y el mar azul celeste, el puerto brilla con esplendor navideño y ofrece un programa que combina tradición y lujo de forma especial.</p>



<iframe loading="lazy" width="1120" height="630" src="https://www.youtube-nocookie.com/embed/iKVC-Drm6oU?si=shVt3a7aAYGfmj-X&#038;rel=0" title="Reproductor de vídeo de YouTube" frameborder="0" allow="accelerometer; autoplay; clipboard-write; encrypted-media; gyroscope; picture-in-picture; web-share" referrerpolicy="strict-origin-when-cross-origin" allowfullscreen></iframe>



<p>La principal atracción del parque es sin duda el <strong>Tobogán gigante de 30 metros de largo</strong>que no sólo hace las delicias de los más pequeños. Quienes prefieran las cosas un poco más tranquilas pueden deslizarse por el <strong>Pista de hielo de 300 metros cuadrados</strong> elegantemente sobre el hielo - una rareza entre las actividades invernales de Mallorca. Y por supuesto el <strong>Papá Noel</strong> que viene en persona a hacerse fotos de recuerdo inolvidables con los niños.</p>



<p>También se ofrecen delicias culinarias. Los puestos, decorados festivamente, ofrecen especialidades típicas navideñas y bebidas calientes, perfectas para un paseo tranquilo por el puerto. El programa exacto está aún por anunciar, pero una cosa es segura: <strong>Puerto Adriano</strong> volverá a brillar este año con un elegante ambiente navideño y momentos inolvidables.</p>
