{"id":25975599,"date":"2024-10-04T11:36:33","date_gmt":"2024-10-04T09:36:33","guid":{"rendered":"https:\/\/isla-travel.de\/?post_type=ajde_events&#038;p=25975599"},"modified":"2024-10-13T14:01:20","modified_gmt":"2024-10-13T12:01:20","slug":"mercado-de-navidad-en-puerto-portales","status":"publish","type":"ajde_events","link":"https:\/\/isla-travel.de\/es\/mallorca-magazin\/events\/weihnachtsmarkt-in-puerto-portals\/","title":{"rendered":"Mercado de Navidad en Puerto Portals"},"content":{"rendered":"<p>El mercado navide\u00f1o de <strong>Portales de Puerto<\/strong> se estrena este a\u00f1o a partir de <strong>Del 13 de diciembre al 6 de enero<\/strong> abre sus puertas y transforma el puerto en un para\u00edso invernal. Acerca de <strong>40 puestos de madera decorados con cari\u00f1o<\/strong> est\u00e1n resplandecientes de luces y ofrecen una maravillosa selecci\u00f3n de productos hechos a mano: Desde brillantes adornos y elegantes accesorios hasta los tradicionales juguetes de madera: aqu\u00ed podr\u00e1 disfrutar plenamente de la magia de la Navidad en Mallorca.<\/p>\n\n\n\n<p>Tambi\u00e9n se ofrecen delicias culinarias: El fragante vino caliente, la comida caliente y las delicias dulces le invitan a dar un paseo. Un punto culminante especial es el <strong>Pista de hielo<\/strong>El festival har\u00e1 las delicias de grandes y peque\u00f1os, y un colorido programa de actividades para toda la familia proporcionar\u00e1 entretenimiento y un ambiente festivo.<\/p>\n\n\n\n<p>Si desea participar con su propio stand, inscr\u00edbase en <strong>16 de octubre<\/strong> y forme parte de este acontecimiento m\u00e1gico. S\u00f3lo tiene que enviar el concepto por correo electr\u00f3nico a <strong>rrpp@puertoportals.com<\/strong> y aproveche la oportunidad de brillar en uno de los mercados navide\u00f1os m\u00e1s bellos de Mallorca.<\/p>","protected":false},"author":1,"featured_media":25975570,"menu_order":0,"comment_status":"open","ping_status":"closed","template":"","meta":{"_acf_changed":false,"_et_pb_use_builder":"","_et_pb_old_content":"","_et_gb_content_width":""},"tags":[2051,132,2376],"event_type":[2325,2346],"event_type_2":[],"class_list":["post-25975599","ajde_events","type-ajde_events","status-publish","has-post-thumbnail","hentry","tag-ausflugstipp-mallorca","tag-lokales","tag-weihnachten-auf-mallorca","event_location-puerto-portals","event_organizer-edificio-de-capitania-escuela-municipal-de-vela","event_type-spass-fuer-kinder","event_type-weihnachtsmaerkte"],"acf":[],"_links":{"self":[{"href":"https:\/\/isla-travel.de\/es\/wp-json\/wp\/v2\/ajde_events\/25975599","targetHints":{"allow":["GET"]}}],"collection":[{"href":"https:\/\/isla-travel.de\/es\/wp-json\/wp\/v2\/ajde_events"}],"about":[{"href":"https:\/\/isla-travel.de\/es\/wp-json\/wp\/v2\/types\/ajde_events"}],"author":[{"embeddable":true,"href":"https:\/\/isla-travel.de\/es\/wp-json\/wp\/v2\/users\/1"}],"replies":[{"embeddable":true,"href":"https:\/\/isla-travel.de\/es\/wp-json\/wp\/v2\/comments?post=25975599"}],"wp:featuredmedia":[{"embeddable":true,"href":"https:\/\/isla-travel.de\/es\/wp-json\/wp\/v2\/media\/25975570"}],"wp:attachment":[{"href":"https:\/\/isla-travel.de\/es\/wp-json\/wp\/v2\/media?parent=25975599"}],"wp:term":[{"taxonomy":"post_tag","embeddable":true,"href":"https:\/\/isla-travel.de\/es\/wp-json\/wp\/v2\/tags?post=25975599"},{"taxonomy":"event_type","embeddable":true,"href":"https:\/\/isla-travel.de\/es\/wp-json\/wp\/v2\/event_type?post=25975599"},{"taxonomy":"event_type_2","embeddable":true,"href":"https:\/\/isla-travel.de\/es\/wp-json\/wp\/v2\/event_type_2?post=25975599"}],"curies":[{"name":"wp","href":"https:\/\/api.w.org\/{rel}","templated":true}]}}

<p>El mercado navideño de <strong>Portales de Puerto</strong> se estrena este año a partir de <strong>Del 13 de diciembre al 6 de enero</strong> abre sus puertas y transforma el puerto en un paraíso invernal. Acerca de <strong>40 puestos de madera decorados con cariño</strong> están resplandecientes de luces y ofrecen una maravillosa selección de productos hechos a mano: Desde brillantes adornos y elegantes accesorios hasta los tradicionales juguetes de madera: aquí podrá disfrutar plenamente de la magia de la Navidad en Mallorca.</p>



<p>También se ofrecen delicias culinarias: El fragante vino caliente, la comida caliente y las delicias dulces le invitan a dar un paseo. Un punto culminante especial es el <strong>Pista de hielo</strong>El festival hará las delicias de grandes y pequeños, y un colorido programa de actividades para toda la familia proporcionará entretenimiento y un ambiente festivo.</p>



<p>Si desea participar con su propio stand, inscríbase en <strong>16 de octubre</strong> y forme parte de este acontecimiento mágico. Sólo tiene que enviar el concepto por correo electrónico a <strong>rrpp@puertoportals.com</strong> y aproveche la oportunidad de brillar en uno de los mercados navideños más bellos de Mallorca.</p>
