{"id":25975464,"date":"2024-10-02T18:40:17","date_gmt":"2024-10-02T16:40:17","guid":{"rendered":"https:\/\/isla-travel.de\/?post_type=ajde_events&#038;p=25975464"},"modified":"2024-10-13T14:02:26","modified_gmt":"2024-10-13T12:02:26","slug":"parque-de-navidad-a-port-adriano","status":"publish","type":"ajde_events","link":"https:\/\/isla-travel.de\/fr\/mallorca-magazin\/events\/parque-de-navidad-im-port-adriano\/","title":{"rendered":"Parque de Navidad \u00e0 Port Adriano"},"content":{"rendered":"<p>De <strong>19 d\u00e9cembre au 8 janvier<\/strong> l'\u00e9l\u00e9gant <strong>Port Adriano<\/strong> en un parc de No\u00ebl d\u00e9cor\u00e9 pour la circonstance, qui ne fera pas seulement briller les yeux des enfants. Entre les yachts de luxe qui se balancent et l'azur de la mer, le port brille de mille feux pour No\u00ebl et propose un programme qui allie tradition et luxe de mani\u00e8re exceptionnelle.<\/p>\n\n\n\n<iframe loading=\"lazy\" width=\"1120\" height=\"630\" src=\"https:\/\/www.youtube-nocookie.com\/embed\/iKVC-Drm6oU?si=shVt3a7aAYGfmj-X&#038;rel=0\" title=\"Lecteur vid\u00e9o YouTube\" frameborder=\"0\" allow=\"accelerometer; autoplay; clipboard-write; encrypted-media; gyroscope; picture-in-picture; web-share\" referrerpolicy=\"strict-origin-when-cross-origin\" allowfullscreen><\/iframe>\n\n\n\n<p>L'attraction principale du parc est sans aucun doute la <strong>Toboggan g\u00e9ant de 30 m\u00e8tres de long<\/strong>Les enfants ne sont pas les seuls \u00e0 s'en r\u00e9jouir. Pour ceux qui pr\u00e9f\u00e8rent les activit\u00e9s plus calmes, il est possible de glisser sur la <strong>patinoire de 300 m\u00e8tres carr\u00e9s<\/strong> sur la glace avec \u00e9l\u00e9gance - une raret\u00e9 parmi les offres hivernales de Majorque. Et bien s\u00fbr, le <strong>P\u00e8re No\u00ebl<\/strong> qui se rendra personnellement sur place pour prendre des photos souvenirs inoubliables avec les enfants.<\/p>\n\n\n\n<p>Les plaisirs culinaires sont \u00e9galement au rendez-vous. Les stands d\u00e9cor\u00e9s de mani\u00e8re festive proposeront des sp\u00e9cialit\u00e9s de No\u00ebl typiques et des boissons chaudes - parfaites pour une promenade agr\u00e9able le long du port. Le programme exact sera annonc\u00e9 ult\u00e9rieurement, mais une chose est s\u00fbre : <strong>Port Adriano<\/strong> brillera cette ann\u00e9e encore avec une atmosph\u00e8re de No\u00ebl \u00e9l\u00e9gante et des moments inoubliables.<\/p>","protected":false},"author":1,"featured_media":25975467,"menu_order":0,"comment_status":"open","ping_status":"closed","template":"","meta":{"_acf_changed":false,"_et_pb_use_builder":"","_et_pb_old_content":"","_et_gb_content_width":""},"tags":[2051,2292],"event_type":[2325,2346],"event_type_2":[],"class_list":["post-25975464","ajde_events","type-ajde_events","status-publish","has-post-thumbnail","hentry","tag-ausflugstipp-mallorca","tag-weihnachten-mallorca-2024","event_location-port-adriano-2","event_organizer-port-adriano-2","event_type-spass-fuer-kinder","event_type-weihnachtsmaerkte"],"acf":[],"_links":{"self":[{"href":"https:\/\/isla-travel.de\/fr\/wp-json\/wp\/v2\/ajde_events\/25975464","targetHints":{"allow":["GET"]}}],"collection":[{"href":"https:\/\/isla-travel.de\/fr\/wp-json\/wp\/v2\/ajde_events"}],"about":[{"href":"https:\/\/isla-travel.de\/fr\/wp-json\/wp\/v2\/types\/ajde_events"}],"author":[{"embeddable":true,"href":"https:\/\/isla-travel.de\/fr\/wp-json\/wp\/v2\/users\/1"}],"replies":[{"embeddable":true,"href":"https:\/\/isla-travel.de\/fr\/wp-json\/wp\/v2\/comments?post=25975464"}],"wp:featuredmedia":[{"embeddable":true,"href":"https:\/\/isla-travel.de\/fr\/wp-json\/wp\/v2\/media\/25975467"}],"wp:attachment":[{"href":"https:\/\/isla-travel.de\/fr\/wp-json\/wp\/v2\/media?parent=25975464"}],"wp:term":[{"taxonomy":"post_tag","embeddable":true,"href":"https:\/\/isla-travel.de\/fr\/wp-json\/wp\/v2\/tags?post=25975464"},{"taxonomy":"event_type","embeddable":true,"href":"https:\/\/isla-travel.de\/fr\/wp-json\/wp\/v2\/event_type?post=25975464"},{"taxonomy":"event_type_2","embeddable":true,"href":"https:\/\/isla-travel.de\/fr\/wp-json\/wp\/v2\/event_type_2?post=25975464"}],"curies":[{"name":"wp","href":"https:\/\/api.w.org\/{rel}","templated":true}]}}

Parque de Navidad à Port Adriano

<p>De <strong>19 décembre au 8 janvier</strong> l'élégant <strong>Port Adriano</strong> en un parc de Noël décoré pour la circonstance, qui ne fera pas seulement briller les yeux des enfants. Entre les yachts de luxe qui se balancent et l'azur de la mer, le port brille de mille feux pour Noël et propose un programme qui allie tradition et luxe de manière exceptionnelle.</p>



<iframe loading="lazy" width="1120" height="630" src="https://www.youtube-nocookie.com/embed/iKVC-Drm6oU?si=shVt3a7aAYGfmj-X&#038;rel=0" title="Lecteur vidéo YouTube" frameborder="0" allow="accelerometer; autoplay; clipboard-write; encrypted-media; gyroscope; picture-in-picture; web-share" referrerpolicy="strict-origin-when-cross-origin" allowfullscreen></iframe>



<p>L'attraction principale du parc est sans aucun doute la <strong>Toboggan géant de 30 mètres de long</strong>Les enfants ne sont pas les seuls à s'en réjouir. Pour ceux qui préfèrent les activités plus calmes, il est possible de glisser sur la <strong>patinoire de 300 mètres carrés</strong> sur la glace avec élégance - une rareté parmi les offres hivernales de Majorque. Et bien sûr, le <strong>Père Noël</strong> qui se rendra personnellement sur place pour prendre des photos souvenirs inoubliables avec les enfants.</p>



<p>Les plaisirs culinaires sont également au rendez-vous. Les stands décorés de manière festive proposeront des spécialités de Noël typiques et des boissons chaudes - parfaites pour une promenade agréable le long du port. Le programme exact sera annoncé ultérieurement, mais une chose est sûre : <strong>Port Adriano</strong> brillera cette année encore avec une atmosphère de Noël élégante et des moments inoubliables.</p>
