{"id":25975599,"date":"2024-10-04T11:36:33","date_gmt":"2024-10-04T09:36:33","guid":{"rendered":"https:\/\/isla-travel.de\/?post_type=ajde_events&#038;p=25975599"},"modified":"2024-10-13T14:01:20","modified_gmt":"2024-10-13T12:01:20","slug":"marche-de-noel-a-puerto-portals","status":"publish","type":"ajde_events","link":"https:\/\/isla-travel.de\/fr\/mallorca-magazin\/events\/weihnachtsmarkt-in-puerto-portals\/","title":{"rendered":"March\u00e9 de No\u00ebl \u00e0 Puerto Portals"},"content":{"rendered":"<p>Le march\u00e9 de No\u00ebl de <strong>Puerto Portals<\/strong> ouvre cette ann\u00e9e du <strong>13 d\u00e9cembre au 6 janvier<\/strong> ouvre ses portes et transforme le port en un pays des merveilles hivernales. \u00c0 propos de <strong>40 stands en bois d\u00e9cor\u00e9s avec soin<\/strong> brillent de mille feux et proposent une magnifique s\u00e9lection de produits artisanaux : Des d\u00e9corations \u00e9tincelantes aux accessoires \u00e9l\u00e9gants en passant par les jouets traditionnels en bois, vous pourrez profiter pleinement de la magie de No\u00ebl \u00e0 Majorque.<\/p>\n\n\n\n<p>L'offre culinaire est \u00e9galement tr\u00e8s vari\u00e9e : Du vin chaud parfum\u00e9, des plats chauds et des d\u00e9lices sucr\u00e9s vous invitent \u00e0 fl\u00e2ner. Un point fort particulier est la <strong>Patinoire<\/strong>Le programme d'activit\u00e9s pour toute la famille est une source de divertissement et d'ambiance festive.<\/p>\n\n\n\n<p>Les personnes souhaitant tenir un stand peuvent s'inscrire jusqu'au <strong>16 octobre<\/strong> et faire partie de cet \u00e9v\u00e9nement magique. Il suffit d'envoyer le concept par e-mail \u00e0 <strong>rrpp@puertoportals.com<\/strong> et profiter de l'occasion pour briller sur l'un des plus beaux march\u00e9s de No\u00ebl de Majorque.<\/p>","protected":false},"author":1,"featured_media":25975570,"menu_order":0,"comment_status":"open","ping_status":"closed","template":"","meta":{"_acf_changed":false,"_et_pb_use_builder":"","_et_pb_old_content":"","_et_gb_content_width":""},"tags":[2051,132,2376],"event_type":[2325,2346],"event_type_2":[],"class_list":["post-25975599","ajde_events","type-ajde_events","status-publish","has-post-thumbnail","hentry","tag-ausflugstipp-mallorca","tag-lokales","tag-weihnachten-auf-mallorca","event_location-puerto-portals","event_organizer-edificio-de-capitania-escuela-municipal-de-vela","event_type-spass-fuer-kinder","event_type-weihnachtsmaerkte"],"acf":[],"_links":{"self":[{"href":"https:\/\/isla-travel.de\/fr\/wp-json\/wp\/v2\/ajde_events\/25975599","targetHints":{"allow":["GET"]}}],"collection":[{"href":"https:\/\/isla-travel.de\/fr\/wp-json\/wp\/v2\/ajde_events"}],"about":[{"href":"https:\/\/isla-travel.de\/fr\/wp-json\/wp\/v2\/types\/ajde_events"}],"author":[{"embeddable":true,"href":"https:\/\/isla-travel.de\/fr\/wp-json\/wp\/v2\/users\/1"}],"replies":[{"embeddable":true,"href":"https:\/\/isla-travel.de\/fr\/wp-json\/wp\/v2\/comments?post=25975599"}],"wp:featuredmedia":[{"embeddable":true,"href":"https:\/\/isla-travel.de\/fr\/wp-json\/wp\/v2\/media\/25975570"}],"wp:attachment":[{"href":"https:\/\/isla-travel.de\/fr\/wp-json\/wp\/v2\/media?parent=25975599"}],"wp:term":[{"taxonomy":"post_tag","embeddable":true,"href":"https:\/\/isla-travel.de\/fr\/wp-json\/wp\/v2\/tags?post=25975599"},{"taxonomy":"event_type","embeddable":true,"href":"https:\/\/isla-travel.de\/fr\/wp-json\/wp\/v2\/event_type?post=25975599"},{"taxonomy":"event_type_2","embeddable":true,"href":"https:\/\/isla-travel.de\/fr\/wp-json\/wp\/v2\/event_type_2?post=25975599"}],"curies":[{"name":"wp","href":"https:\/\/api.w.org\/{rel}","templated":true}]}}

Marché de Noël à Puerto Portals

<p>Le marché de Noël de <strong>Puerto Portals</strong> ouvre cette année du <strong>13 décembre au 6 janvier</strong> ouvre ses portes et transforme le port en un pays des merveilles hivernales. À propos de <strong>40 stands en bois décorés avec soin</strong> brillent de mille feux et proposent une magnifique sélection de produits artisanaux : Des décorations étincelantes aux accessoires élégants en passant par les jouets traditionnels en bois, vous pourrez profiter pleinement de la magie de Noël à Majorque.</p>



<p>L'offre culinaire est également très variée : Du vin chaud parfumé, des plats chauds et des délices sucrés vous invitent à flâner. Un point fort particulier est la <strong>Patinoire</strong>Le programme d'activités pour toute la famille est une source de divertissement et d'ambiance festive.</p>



<p>Les personnes souhaitant tenir un stand peuvent s'inscrire jusqu'au <strong>16 octobre</strong> et faire partie de cet événement magique. Il suffit d'envoyer le concept par e-mail à <strong>rrpp@puertoportals.com</strong> et profiter de l'occasion pour briller sur l'un des plus beaux marchés de Noël de Majorque.</p>
