{"id":25975464,"date":"2024-10-02T18:40:17","date_gmt":"2024-10-02T16:40:17","guid":{"rendered":"https:\/\/isla-travel.de\/?post_type=ajde_events&#038;p=25975464"},"modified":"2024-10-13T14:02:26","modified_gmt":"2024-10-13T12:02:26","slug":"parque-de-navidad-a-porto-adriano","status":"publish","type":"ajde_events","link":"https:\/\/isla-travel.de\/it\/mallorca-magazin\/events\/parque-de-navidad-im-port-adriano\/","title":{"rendered":"Parque de Navidad a Port Adriano"},"content":{"rendered":"<p>Dal <strong>Dal 19 dicembre all'8 gennaio<\/strong> l'elegante <strong>Porto Adriano<\/strong> in un parco natalizio decorato a festa che non solo fa illuminare gli occhi dei bambini. Tra il dondolio degli yacht di lusso e l'azzurro del mare, il porto risplende nello splendore natalizio e offre un programma che unisce tradizione e lusso in modo speciale.<\/p>\n\n\n\n<iframe loading=\"lazy\" width=\"1120\" height=\"630\" src=\"https:\/\/www.youtube-nocookie.com\/embed\/iKVC-Drm6oU?si=shVt3a7aAYGfmj-X&#038;rel=0\" title=\"Lettore video di YouTube\" frameborder=\"0\" allow=\"accelerometer; autoplay; clipboard-write; encrypted-media; gyroscope; picture-in-picture; web-share\" referrerpolicy=\"strict-origin-when-cross-origin\" allowfullscreen><\/iframe>\n\n\n\n<p>L'attrazione principale del parco \u00e8 senza dubbio la <strong>Scivolo gigante lungo 30 metri<\/strong>che non solo delizia i pi\u00f9 piccoli. Chi preferisce le cose un po' pi\u00f9 tranquille pu\u00f2 scivolare lungo le <strong>Pista di ghiaccio di 300 metri quadrati<\/strong> elegantemente sul ghiaccio - una rarit\u00e0 tra le attivit\u00e0 invernali di Maiorca. E naturalmente il <strong>Babbo Natale<\/strong> che viene di persona a scattare indimenticabili foto ricordo con i bambini.<\/p>\n\n\n\n<p>Sono previste anche specialit\u00e0 culinarie. Le bancarelle decorate a festa offrono specialit\u00e0 tipiche natalizie e bevande calde, perfette per una piacevole passeggiata lungo il porto. Il programma esatto non \u00e8 ancora stato reso noto, ma una cosa \u00e8 certa: <strong>Porto Adriano<\/strong> briller\u00e0 anche quest'anno con un'elegante atmosfera natalizia e momenti indimenticabili.<\/p>","protected":false},"author":1,"featured_media":25975467,"menu_order":0,"comment_status":"open","ping_status":"closed","template":"","meta":{"_acf_changed":false,"_et_pb_use_builder":"","_et_pb_old_content":"","_et_gb_content_width":""},"tags":[2051,2292],"event_type":[2325,2346],"event_type_2":[],"class_list":["post-25975464","ajde_events","type-ajde_events","status-publish","has-post-thumbnail","hentry","tag-ausflugstipp-mallorca","tag-weihnachten-mallorca-2024","event_location-port-adriano-2","event_organizer-port-adriano-2","event_type-spass-fuer-kinder","event_type-weihnachtsmaerkte"],"acf":[],"_links":{"self":[{"href":"https:\/\/isla-travel.de\/it\/wp-json\/wp\/v2\/ajde_events\/25975464","targetHints":{"allow":["GET"]}}],"collection":[{"href":"https:\/\/isla-travel.de\/it\/wp-json\/wp\/v2\/ajde_events"}],"about":[{"href":"https:\/\/isla-travel.de\/it\/wp-json\/wp\/v2\/types\/ajde_events"}],"author":[{"embeddable":true,"href":"https:\/\/isla-travel.de\/it\/wp-json\/wp\/v2\/users\/1"}],"replies":[{"embeddable":true,"href":"https:\/\/isla-travel.de\/it\/wp-json\/wp\/v2\/comments?post=25975464"}],"wp:featuredmedia":[{"embeddable":true,"href":"https:\/\/isla-travel.de\/it\/wp-json\/wp\/v2\/media\/25975467"}],"wp:attachment":[{"href":"https:\/\/isla-travel.de\/it\/wp-json\/wp\/v2\/media?parent=25975464"}],"wp:term":[{"taxonomy":"post_tag","embeddable":true,"href":"https:\/\/isla-travel.de\/it\/wp-json\/wp\/v2\/tags?post=25975464"},{"taxonomy":"event_type","embeddable":true,"href":"https:\/\/isla-travel.de\/it\/wp-json\/wp\/v2\/event_type?post=25975464"},{"taxonomy":"event_type_2","embeddable":true,"href":"https:\/\/isla-travel.de\/it\/wp-json\/wp\/v2\/event_type_2?post=25975464"}],"curies":[{"name":"wp","href":"https:\/\/api.w.org\/{rel}","templated":true}]}}

<p>Dal <strong>Dal 19 dicembre all'8 gennaio</strong> l'elegante <strong>Porto Adriano</strong> in un parco natalizio decorato a festa che non solo fa illuminare gli occhi dei bambini. Tra il dondolio degli yacht di lusso e l'azzurro del mare, il porto risplende nello splendore natalizio e offre un programma che unisce tradizione e lusso in modo speciale.</p>



<iframe loading="lazy" width="1120" height="630" src="https://www.youtube-nocookie.com/embed/iKVC-Drm6oU?si=shVt3a7aAYGfmj-X&#038;rel=0" title="Lettore video di YouTube" frameborder="0" allow="accelerometer; autoplay; clipboard-write; encrypted-media; gyroscope; picture-in-picture; web-share" referrerpolicy="strict-origin-when-cross-origin" allowfullscreen></iframe>



<p>L'attrazione principale del parco è senza dubbio la <strong>Scivolo gigante lungo 30 metri</strong>che non solo delizia i più piccoli. Chi preferisce le cose un po' più tranquille può scivolare lungo le <strong>Pista di ghiaccio di 300 metri quadrati</strong> elegantemente sul ghiaccio - una rarità tra le attività invernali di Maiorca. E naturalmente il <strong>Babbo Natale</strong> che viene di persona a scattare indimenticabili foto ricordo con i bambini.</p>



<p>Sono previste anche specialità culinarie. Le bancarelle decorate a festa offrono specialità tipiche natalizie e bevande calde, perfette per una piacevole passeggiata lungo il porto. Il programma esatto non è ancora stato reso noto, ma una cosa è certa: <strong>Porto Adriano</strong> brillerà anche quest'anno con un'elegante atmosfera natalizia e momenti indimenticabili.</p>
