{"id":25975599,"date":"2024-10-04T11:36:33","date_gmt":"2024-10-04T09:36:33","guid":{"rendered":"https:\/\/isla-travel.de\/?post_type=ajde_events&#038;p=25975599"},"modified":"2024-10-13T14:01:20","modified_gmt":"2024-10-13T12:01:20","slug":"mercatino-di-natale-a-puerto-portals","status":"publish","type":"ajde_events","link":"https:\/\/isla-travel.de\/it\/mallorca-magazin\/events\/weihnachtsmarkt-in-puerto-portals\/","title":{"rendered":"Mercatino di Natale a Puerto Portals"},"content":{"rendered":"<p>Il mercatino di Natale di <strong>Portali di Puerto<\/strong> apre quest'anno da <strong>Dal 13 dicembre al 6 gennaio<\/strong> apre le sue porte e trasforma il porto in un paese delle meraviglie invernale. Circa <strong>40 bancarelle in legno amorevolmente decorate<\/strong> sono illuminati da luci e offrono una meravigliosa selezione di prodotti artigianali: Dalle decorazioni scintillanti agli accessori alla moda, fino ai tradizionali giocattoli in legno: qui potrete godervi appieno la magia del Natale a Maiorca.<\/p>\n\n\n\n<p>Anche le delizie culinarie sono in offerta: Fragrante vin brul\u00e9, cibi caldi e dolci prelibatezze invitano a fare una passeggiata. Un'attrazione speciale \u00e8 il <strong>Pista di ghiaccio<\/strong>Il festival entusiasmer\u00e0 grandi e piccini e un colorato programma di attivit\u00e0 per tutta la famiglia offrir\u00e0 intrattenimento e un'atmosfera festosa.<\/p>\n\n\n\n<p>Se desiderate partecipare con un vostro stand, iscrivetevi entro il <strong>16 ottobre<\/strong> e diventare parte di questo magico evento. \u00c8 sufficiente inviare il concetto via e-mail a <strong>rrpp@puertoportals.com<\/strong> e cogliete l'opportunit\u00e0 di brillare in uno dei pi\u00f9 bei mercatini di Natale di Maiorca.<\/p>","protected":false},"author":1,"featured_media":25975570,"menu_order":0,"comment_status":"open","ping_status":"closed","template":"","meta":{"_acf_changed":false,"_et_pb_use_builder":"","_et_pb_old_content":"","_et_gb_content_width":""},"tags":[2051,132,2376],"event_type":[2325,2346],"event_type_2":[],"class_list":["post-25975599","ajde_events","type-ajde_events","status-publish","has-post-thumbnail","hentry","tag-ausflugstipp-mallorca","tag-lokales","tag-weihnachten-auf-mallorca","event_location-puerto-portals","event_organizer-edificio-de-capitania-escuela-municipal-de-vela","event_type-spass-fuer-kinder","event_type-weihnachtsmaerkte"],"acf":[],"_links":{"self":[{"href":"https:\/\/isla-travel.de\/it\/wp-json\/wp\/v2\/ajde_events\/25975599","targetHints":{"allow":["GET"]}}],"collection":[{"href":"https:\/\/isla-travel.de\/it\/wp-json\/wp\/v2\/ajde_events"}],"about":[{"href":"https:\/\/isla-travel.de\/it\/wp-json\/wp\/v2\/types\/ajde_events"}],"author":[{"embeddable":true,"href":"https:\/\/isla-travel.de\/it\/wp-json\/wp\/v2\/users\/1"}],"replies":[{"embeddable":true,"href":"https:\/\/isla-travel.de\/it\/wp-json\/wp\/v2\/comments?post=25975599"}],"wp:featuredmedia":[{"embeddable":true,"href":"https:\/\/isla-travel.de\/it\/wp-json\/wp\/v2\/media\/25975570"}],"wp:attachment":[{"href":"https:\/\/isla-travel.de\/it\/wp-json\/wp\/v2\/media?parent=25975599"}],"wp:term":[{"taxonomy":"post_tag","embeddable":true,"href":"https:\/\/isla-travel.de\/it\/wp-json\/wp\/v2\/tags?post=25975599"},{"taxonomy":"event_type","embeddable":true,"href":"https:\/\/isla-travel.de\/it\/wp-json\/wp\/v2\/event_type?post=25975599"},{"taxonomy":"event_type_2","embeddable":true,"href":"https:\/\/isla-travel.de\/it\/wp-json\/wp\/v2\/event_type_2?post=25975599"}],"curies":[{"name":"wp","href":"https:\/\/api.w.org\/{rel}","templated":true}]}}

<p>Il mercatino di Natale di <strong>Portali di Puerto</strong> apre quest'anno da <strong>Dal 13 dicembre al 6 gennaio</strong> apre le sue porte e trasforma il porto in un paese delle meraviglie invernale. Circa <strong>40 bancarelle in legno amorevolmente decorate</strong> sono illuminati da luci e offrono una meravigliosa selezione di prodotti artigianali: Dalle decorazioni scintillanti agli accessori alla moda, fino ai tradizionali giocattoli in legno: qui potrete godervi appieno la magia del Natale a Maiorca.</p>



<p>Anche le delizie culinarie sono in offerta: Fragrante vin brulé, cibi caldi e dolci prelibatezze invitano a fare una passeggiata. Un'attrazione speciale è il <strong>Pista di ghiaccio</strong>Il festival entusiasmerà grandi e piccini e un colorato programma di attività per tutta la famiglia offrirà intrattenimento e un'atmosfera festosa.</p>



<p>Se desiderate partecipare con un vostro stand, iscrivetevi entro il <strong>16 ottobre</strong> e diventare parte di questo magico evento. È sufficiente inviare il concetto via e-mail a <strong>rrpp@puertoportals.com</strong> e cogliete l'opportunità di brillare in uno dei più bei mercatini di Natale di Maiorca.</p>
