{"id":25975464,"date":"2024-10-02T18:40:17","date_gmt":"2024-10-02T16:40:17","guid":{"rendered":"https:\/\/isla-travel.de\/?post_type=ajde_events&#038;p=25975464"},"modified":"2024-10-13T14:02:26","modified_gmt":"2024-10-13T12:02:26","slug":"parque-de-navidad-i-port-adriano","status":"publish","type":"ajde_events","link":"https:\/\/isla-travel.de\/sv\/mallorca-magazin\/events\/parque-de-navidad-im-port-adriano\/","title":{"rendered":"Parque de Navidad i Port Adriano"},"content":{"rendered":"<p>Fr\u00e5n och med <strong>19 december till 8 januari<\/strong> den eleganta <strong>Hamn Adriano<\/strong> till en festligt utsmyckad julpark som inte bara f\u00e5r barnens \u00f6gon att lysa. Mellan de gungande lyxyachterna och det azurbl\u00e5 havet lyser hamnen i julskrud och bjuder p\u00e5 ett program som kombinerar tradition och lyx p\u00e5 ett alldeles speciellt s\u00e4tt.<\/p>\n\n\n\n<iframe loading=\"lazy\" width=\"1120\" height=\"630\" src=\"https:\/\/www.youtube-nocookie.com\/embed\/iKVC-Drm6oU?si=shVt3a7aAYGfmj-X&#038;rel=0\" title=\"YouTube-videospelare\" frameborder=\"0\" allow=\"accelerometer; autoplay; clipboard-write; encrypted-media; gyroscope; picture-in-picture; web-share\" referrerpolicy=\"strict-origin-when-cross-origin\" allowfullscreen><\/iframe>\n\n\n\n<p>Parkens huvudattraktion \u00e4r utan tvekan den <strong>30 meter l\u00e5ng j\u00e4tterutschkana<\/strong>som inte bara gl\u00e4djer de sm\u00e5. De som f\u00f6redrar det lite lugnare kan glida nerf\u00f6r <strong>300 kvadratmeter stor isbana<\/strong> elegant \u00f6ver isen - en s\u00e4llsynthet bland Mallorcas vinteraktiviteter. Och naturligtvis <strong>Jultomten<\/strong> som kommer f\u00f6rbi personligen f\u00f6r att ta of\u00f6rgl\u00f6mliga souvenirbilder med barnen.<\/p>\n\n\n\n<p>Det bjuds ocks\u00e5 p\u00e5 kulinariska l\u00e4ckerheter. De festligt dekorerade st\u00e5nden erbjuder typiska julspecialiteter och v\u00e4rmande drycker - perfekt f\u00f6r en lugn promenad l\u00e4ngs hamnen. Det exakta programmet har \u00e4nnu inte presenterats, men en sak \u00e4r s\u00e4ker: <strong>Hamn Adriano<\/strong> kommer \u00e4ven i \u00e5r att gl\u00e4nsa med en stilfull julst\u00e4mning och of\u00f6rgl\u00f6mliga \u00f6gonblick.<\/p>","protected":false},"author":1,"featured_media":25975467,"menu_order":0,"comment_status":"open","ping_status":"closed","template":"","meta":{"_acf_changed":false,"_et_pb_use_builder":"","_et_pb_old_content":"","_et_gb_content_width":""},"tags":[2051,2292],"event_type":[2325,2346],"event_type_2":[],"class_list":["post-25975464","ajde_events","type-ajde_events","status-publish","has-post-thumbnail","hentry","tag-ausflugstipp-mallorca","tag-weihnachten-mallorca-2024","event_location-port-adriano-2","event_organizer-port-adriano-2","event_type-spass-fuer-kinder","event_type-weihnachtsmaerkte"],"acf":[],"_links":{"self":[{"href":"https:\/\/isla-travel.de\/sv\/wp-json\/wp\/v2\/ajde_events\/25975464","targetHints":{"allow":["GET"]}}],"collection":[{"href":"https:\/\/isla-travel.de\/sv\/wp-json\/wp\/v2\/ajde_events"}],"about":[{"href":"https:\/\/isla-travel.de\/sv\/wp-json\/wp\/v2\/types\/ajde_events"}],"author":[{"embeddable":true,"href":"https:\/\/isla-travel.de\/sv\/wp-json\/wp\/v2\/users\/1"}],"replies":[{"embeddable":true,"href":"https:\/\/isla-travel.de\/sv\/wp-json\/wp\/v2\/comments?post=25975464"}],"wp:featuredmedia":[{"embeddable":true,"href":"https:\/\/isla-travel.de\/sv\/wp-json\/wp\/v2\/media\/25975467"}],"wp:attachment":[{"href":"https:\/\/isla-travel.de\/sv\/wp-json\/wp\/v2\/media?parent=25975464"}],"wp:term":[{"taxonomy":"post_tag","embeddable":true,"href":"https:\/\/isla-travel.de\/sv\/wp-json\/wp\/v2\/tags?post=25975464"},{"taxonomy":"event_type","embeddable":true,"href":"https:\/\/isla-travel.de\/sv\/wp-json\/wp\/v2\/event_type?post=25975464"},{"taxonomy":"event_type_2","embeddable":true,"href":"https:\/\/isla-travel.de\/sv\/wp-json\/wp\/v2\/event_type_2?post=25975464"}],"curies":[{"name":"wp","href":"https:\/\/api.w.org\/{rel}","templated":true}]}}

<p>Från och med <strong>19 december till 8 januari</strong> den eleganta <strong>Hamn Adriano</strong> till en festligt utsmyckad julpark som inte bara får barnens ögon att lysa. Mellan de gungande lyxyachterna och det azurblå havet lyser hamnen i julskrud och bjuder på ett program som kombinerar tradition och lyx på ett alldeles speciellt sätt.</p>



<iframe loading="lazy" width="1120" height="630" src="https://www.youtube-nocookie.com/embed/iKVC-Drm6oU?si=shVt3a7aAYGfmj-X&#038;rel=0" title="YouTube-videospelare" frameborder="0" allow="accelerometer; autoplay; clipboard-write; encrypted-media; gyroscope; picture-in-picture; web-share" referrerpolicy="strict-origin-when-cross-origin" allowfullscreen></iframe>



<p>Parkens huvudattraktion är utan tvekan den <strong>30 meter lång jätterutschkana</strong>som inte bara glädjer de små. De som föredrar det lite lugnare kan glida nerför <strong>300 kvadratmeter stor isbana</strong> elegant över isen - en sällsynthet bland Mallorcas vinteraktiviteter. Och naturligtvis <strong>Jultomten</strong> som kommer förbi personligen för att ta oförglömliga souvenirbilder med barnen.</p>



<p>Det bjuds också på kulinariska läckerheter. De festligt dekorerade stånden erbjuder typiska julspecialiteter och värmande drycker - perfekt för en lugn promenad längs hamnen. Det exakta programmet har ännu inte presenterats, men en sak är säker: <strong>Hamn Adriano</strong> kommer även i år att glänsa med en stilfull julstämning och oförglömliga ögonblick.</p>
