{"id":25975599,"date":"2024-10-04T11:36:33","date_gmt":"2024-10-04T09:36:33","guid":{"rendered":"https:\/\/isla-travel.de\/?post_type=ajde_events&#038;p=25975599"},"modified":"2024-10-13T14:01:20","modified_gmt":"2024-10-13T12:01:20","slug":"julmarknad-i-puerto-portals","status":"publish","type":"ajde_events","link":"https:\/\/isla-travel.de\/sv\/mallorca-magazin\/events\/weihnachtsmarkt-in-puerto-portals\/","title":{"rendered":"Julmarknad i Puerto Portals"},"content":{"rendered":"<p>Julmarknaden i <strong>Puerto Portals<\/strong> \u00f6ppnar i \u00e5r fr\u00e5n <strong>13 december till 6 januari<\/strong> \u00f6ppnar sina d\u00f6rrar och f\u00f6rvandlar hamnen till ett vinterland. Om oss <strong>40 k\u00e4rleksfullt inredda tr\u00e4bodar<\/strong> lyser av ljus och erbjuder ett underbart urval av handgjorda produkter: Fr\u00e5n glittrande dekorationer och snygga accessoarer till traditionella tr\u00e4leksaker - h\u00e4r kan du njuta fullt ut av julens magi p\u00e5 Mallorca.<\/p>\n\n\n\n<p>Kulinariska l\u00e4ckerheter erbjuds ocks\u00e5: Doftande gl\u00f6gg, varm mat och s\u00f6ta delikatesser inbjuder dig att ta en promenad. En s\u00e4rskild h\u00f6jdpunkt \u00e4r <strong>Isrink<\/strong>Festivalen kommer att gl\u00e4dja b\u00e5de stora och sm\u00e5, och ett f\u00e4rgstarkt program med aktiviteter f\u00f6r hela familjen kommer att bjuda p\u00e5 underh\u00e5llning och festst\u00e4mning.<\/p>\n\n\n\n<p>Om du vill delta med en egen monter, v\u00e4nligen registrera dig senast <strong>16 oktober<\/strong> och bli en del av detta magiska evenemang. Skicka bara konceptet via e-post till <strong>rrpp@puertoportals.com<\/strong> och ta tillf\u00e4llet i akt att gl\u00e4nsa p\u00e5 en av Mallorcas vackraste julmarknader.<\/p>","protected":false},"author":1,"featured_media":25975570,"menu_order":0,"comment_status":"open","ping_status":"closed","template":"","meta":{"_acf_changed":false,"_et_pb_use_builder":"","_et_pb_old_content":"","_et_gb_content_width":""},"tags":[2051,132,2376],"event_type":[2325,2346],"event_type_2":[],"class_list":["post-25975599","ajde_events","type-ajde_events","status-publish","has-post-thumbnail","hentry","tag-ausflugstipp-mallorca","tag-lokales","tag-weihnachten-auf-mallorca","event_location-puerto-portals","event_organizer-edificio-de-capitania-escuela-municipal-de-vela","event_type-spass-fuer-kinder","event_type-weihnachtsmaerkte"],"acf":[],"_links":{"self":[{"href":"https:\/\/isla-travel.de\/sv\/wp-json\/wp\/v2\/ajde_events\/25975599","targetHints":{"allow":["GET"]}}],"collection":[{"href":"https:\/\/isla-travel.de\/sv\/wp-json\/wp\/v2\/ajde_events"}],"about":[{"href":"https:\/\/isla-travel.de\/sv\/wp-json\/wp\/v2\/types\/ajde_events"}],"author":[{"embeddable":true,"href":"https:\/\/isla-travel.de\/sv\/wp-json\/wp\/v2\/users\/1"}],"replies":[{"embeddable":true,"href":"https:\/\/isla-travel.de\/sv\/wp-json\/wp\/v2\/comments?post=25975599"}],"wp:featuredmedia":[{"embeddable":true,"href":"https:\/\/isla-travel.de\/sv\/wp-json\/wp\/v2\/media\/25975570"}],"wp:attachment":[{"href":"https:\/\/isla-travel.de\/sv\/wp-json\/wp\/v2\/media?parent=25975599"}],"wp:term":[{"taxonomy":"post_tag","embeddable":true,"href":"https:\/\/isla-travel.de\/sv\/wp-json\/wp\/v2\/tags?post=25975599"},{"taxonomy":"event_type","embeddable":true,"href":"https:\/\/isla-travel.de\/sv\/wp-json\/wp\/v2\/event_type?post=25975599"},{"taxonomy":"event_type_2","embeddable":true,"href":"https:\/\/isla-travel.de\/sv\/wp-json\/wp\/v2\/event_type_2?post=25975599"}],"curies":[{"name":"wp","href":"https:\/\/api.w.org\/{rel}","templated":true}]}}

<p>Julmarknaden i <strong>Puerto Portals</strong> öppnar i år från <strong>13 december till 6 januari</strong> öppnar sina dörrar och förvandlar hamnen till ett vinterland. Om oss <strong>40 kärleksfullt inredda träbodar</strong> lyser av ljus och erbjuder ett underbart urval av handgjorda produkter: Från glittrande dekorationer och snygga accessoarer till traditionella träleksaker - här kan du njuta fullt ut av julens magi på Mallorca.</p>



<p>Kulinariska läckerheter erbjuds också: Doftande glögg, varm mat och söta delikatesser inbjuder dig att ta en promenad. En särskild höjdpunkt är <strong>Isrink</strong>Festivalen kommer att glädja både stora och små, och ett färgstarkt program med aktiviteter för hela familjen kommer att bjuda på underhållning och feststämning.</p>



<p>Om du vill delta med en egen monter, vänligen registrera dig senast <strong>16 oktober</strong> och bli en del av detta magiska evenemang. Skicka bara konceptet via e-post till <strong>rrpp@puertoportals.com</strong> och ta tillfället i akt att glänsa på en av Mallorcas vackraste julmarknader.</p>
